{"id":79,"date":"2025-12-01T10:01:52","date_gmt":"2025-12-01T10:01:52","guid":{"rendered":"https:\/\/pmarches.lpmiaw.univ-lr.fr\/wordpress3\/?post_type=product&#038;p=79"},"modified":"2025-12-02T11:29:23","modified_gmt":"2025-12-02T11:29:23","slug":"arome-noisette","status":"publish","type":"product","link":"https:\/\/pmarches.lpmiaw.univ-lr.fr\/wordpress3\/produit\/arome-noisette\/","title":{"rendered":"Sirop Mangue"},"content":{"rendered":"<h2 data-start=\"92\" data-end=\"129\">Sirop Mangue \u2013 MAISON MATCHA<\/h2>\n<h3 data-start=\"130\" data-end=\"177\">Sublimez votre matcha d\u2019une touche exotique<\/h3>\n<p data-start=\"179\" data-end=\"456\">D\u00e9couvrez l\u2019ar\u00f4me Mangue sign\u00e9 <strong data-start=\"210\" data-end=\"227\">MAISON MATCHA<\/strong>, sp\u00e9cialement con\u00e7u pour enrichir votre matcha d\u2019une douceur fruit\u00e9e et ensoleill\u00e9e. Quelques grammes suffisent pour transformer votre boisson en une exp\u00e9rience tropicale, \u00e9quilibr\u00e9e et raffin\u00e9e, sans d\u00e9naturer la puret\u00e9 du th\u00e9.<\/p>\n<h3 data-start=\"463\" data-end=\"499\"><strong data-start=\"467\" data-end=\"499\">Pourquoi vous allez l\u2019adorer<\/strong><\/h3>\n<ul data-start=\"500\" data-end=\"944\">\n<li data-start=\"500\" data-end=\"636\">\n<p data-start=\"502\" data-end=\"636\"><strong data-start=\"502\" data-end=\"534\">Saveur authentique de mangue<\/strong> : une note douce, juteuse et fra\u00eeche qui se marie parfaitement avec l\u2019intensit\u00e9 v\u00e9g\u00e9tale du matcha.<\/p>\n<\/li>\n<li data-start=\"637\" data-end=\"741\">\n<p data-start=\"639\" data-end=\"741\"><strong data-start=\"639\" data-end=\"661\">Texture ultra fine<\/strong> : se m\u00e9lange facilement dans le matcha, les latt\u00e9s, smoothies ou p\u00e2tisseries.<\/p>\n<\/li>\n<li data-start=\"742\" data-end=\"843\">\n<p data-start=\"744\" data-end=\"843\"><strong data-start=\"744\" data-end=\"758\">Polyvalent<\/strong> : id\u00e9al pour des boissons chaudes ou glac\u00e9es, mais aussi pour la cuisine cr\u00e9ative.<\/p>\n<\/li>\n<li data-start=\"844\" data-end=\"944\">\n<p data-start=\"846\" data-end=\"944\"><strong data-start=\"846\" data-end=\"873\">Sans additifs superflus<\/strong> : un ar\u00f4me pur, \u00e9labor\u00e9 pour pr\u00e9server la qualit\u00e9 de vos pr\u00e9parations.<\/p>\n<\/li>\n<\/ul>\n<h3 data-start=\"951\" data-end=\"979\"><strong data-start=\"955\" data-end=\"979\">Comment l\u2019utiliser ?<\/strong><\/h3>\n<ul data-start=\"980\" data-end=\"1241\">\n<li data-start=\"980\" data-end=\"1048\">\n<p data-start=\"982\" data-end=\"1048\">Ajoutez <strong data-start=\"990\" data-end=\"1018\">\u215b \u00e0 \u00bc de cuill\u00e8re \u00e0 caf\u00e9<\/strong> dans votre matcha ou latte.<\/p>\n<\/li>\n<li data-start=\"1049\" data-end=\"1099\">\n<p data-start=\"1051\" data-end=\"1099\">Ajustez la quantit\u00e9 selon l\u2019intensit\u00e9 d\u00e9sir\u00e9e.<\/p>\n<\/li>\n<li data-start=\"1100\" data-end=\"1241\">\n<p data-start=\"1102\" data-end=\"1128\">Parfait \u00e9galement dans :<\/p>\n<ul data-start=\"1131\" data-end=\"1241\">\n<li data-start=\"1131\" data-end=\"1152\">\n<p data-start=\"1133\" data-end=\"1152\">smoothies fruit\u00e9s<\/p>\n<\/li>\n<li data-start=\"1155\" data-end=\"1179\">\n<p data-start=\"1157\" data-end=\"1179\">recettes p\u00e2tissi\u00e8res<\/p>\n<\/li>\n<li data-start=\"1182\" data-end=\"1207\">\n<p data-start=\"1184\" data-end=\"1207\">yaourts, chia pudding<\/p>\n<\/li>\n<li data-start=\"1210\" data-end=\"1241\">\n<p data-start=\"1212\" data-end=\"1241\">mochis et desserts japonais<\/p>\n<\/li>\n<\/ul>\n<\/li>\n<\/ul>\n<h3 data-start=\"1248\" data-end=\"1275\"><strong data-start=\"1252\" data-end=\"1275\">Formats disponibles<\/strong><\/h3>\n<ul data-start=\"1276\" data-end=\"1420\">\n<li data-start=\"1276\" data-end=\"1350\">\n<p data-start=\"1278\" data-end=\"1350\"><strong data-start=\"1278\" data-end=\"1286\">50 g<\/strong> \u2013 id\u00e9al pour d\u00e9couvrir l\u2019ar\u00f4me et tester diff\u00e9rentes recettes<\/p>\n<\/li>\n<li data-start=\"1351\" data-end=\"1420\">\n<p data-start=\"1353\" data-end=\"1420\"><strong data-start=\"1353\" data-end=\"1362\">100 g<\/strong> \u2013 format \u00e9conomique pour les amateurs de matcha aromatis\u00e9<\/p>\n<\/li>\n<\/ul>\n<h3 data-start=\"1427\" data-end=\"1446\"><strong data-start=\"1431\" data-end=\"1446\">Ingr\u00e9dients<\/strong><\/h3>\n<p data-start=\"1447\" data-end=\"1480\">Ar\u00f4me naturel de mangue (poudre).<\/p>\n<h3 data-start=\"1487\" data-end=\"1507\"><strong data-start=\"1491\" data-end=\"1507\">Conservation<\/strong><\/h3>\n<p data-start=\"1508\" data-end=\"1661\">\u00c0 conserver dans un endroit sec, \u00e0 l\u2019abri de la lumi\u00e8re et de la chaleur.<br data-start=\"1581\" data-end=\"1584\" \/>Bien refermer le sachet apr\u00e8s chaque utilisation pour pr\u00e9server la fra\u00eecheur.<\/p>\n<h3 data-start=\"130\" data-end=\"177\">Sublimez votre matcha d\u2019une touche exotique<\/h3>\n<p data-start=\"179\" data-end=\"456\">D\u00e9couvrez l\u2019ar\u00f4me Mangue sign\u00e9 <strong data-start=\"210\" data-end=\"227\">MAISON MATCHA<\/strong>, sp\u00e9cialement con\u00e7u pour enrichir votre matcha d\u2019une douceur fruit\u00e9e et ensoleill\u00e9e. Quelques grammes suffisent pour transformer votre boisson en une exp\u00e9rience tropicale, \u00e9quilibr\u00e9e et raffin\u00e9e, sans d\u00e9naturer la puret\u00e9 du th\u00e9.<\/p>\n<h3 data-start=\"463\" data-end=\"499\"><strong data-start=\"467\" data-end=\"499\">Pourquoi vous allez l\u2019adorer<\/strong><\/h3>\n<ul data-start=\"500\" data-end=\"944\">\n<li data-start=\"500\" data-end=\"636\">\n<p data-start=\"502\" data-end=\"636\"><strong data-start=\"502\" data-end=\"534\">Saveur authentique de mangue<\/strong> : une note douce, juteuse et fra\u00eeche qui se marie parfaitement avec l\u2019intensit\u00e9 v\u00e9g\u00e9tale du matcha.<\/p>\n<\/li>\n<li data-start=\"637\" data-end=\"741\">\n<p data-start=\"639\" data-end=\"741\"><strong data-start=\"639\" data-end=\"661\">Texture ultra fine<\/strong> : se m\u00e9lange facilement dans le matcha, les latt\u00e9s, smoothies ou p\u00e2tisseries.<\/p>\n<\/li>\n<li data-start=\"742\" data-end=\"843\">\n<p data-start=\"744\" data-end=\"843\"><strong data-start=\"744\" data-end=\"758\">Polyvalent<\/strong> : id\u00e9al pour des boissons chaudes ou glac\u00e9es, mais aussi pour la cuisine cr\u00e9ative.<\/p>\n<\/li>\n<li data-start=\"844\" data-end=\"944\">\n<p data-start=\"846\" data-end=\"944\"><strong data-start=\"846\" data-end=\"873\">Sans additifs superflus<\/strong> : un ar\u00f4me pur, \u00e9labor\u00e9 pour pr\u00e9server la qualit\u00e9 de vos pr\u00e9parations.<\/p>\n<\/li>\n<\/ul>\n<h3 data-start=\"951\" data-end=\"979\"><strong data-start=\"955\" data-end=\"979\">Comment l\u2019utiliser ?<\/strong><\/h3>\n<ul data-start=\"980\" data-end=\"1241\">\n<li data-start=\"980\" data-end=\"1048\">\n<p data-start=\"982\" data-end=\"1048\">Ajoutez <strong data-start=\"990\" data-end=\"1018\">\u215b \u00e0 \u00bc de cuill\u00e8re \u00e0 caf\u00e9<\/strong> dans votre matcha ou latte.<\/p>\n<\/li>\n<li data-start=\"1049\" data-end=\"1099\">\n<p data-start=\"1051\" data-end=\"1099\">Ajustez la quantit\u00e9 selon l\u2019intensit\u00e9 d\u00e9sir\u00e9e.<\/p>\n<\/li>\n<li data-start=\"1100\" data-end=\"1241\">\n<p data-start=\"1102\" data-end=\"1128\">Parfait \u00e9galement dans :<\/p>\n<ul data-start=\"1131\" data-end=\"1241\">\n<li data-start=\"1131\" data-end=\"1152\">\n<p data-start=\"1133\" data-end=\"1152\">smoothies fruit\u00e9s<\/p>\n<\/li>\n<li data-start=\"1155\" data-end=\"1179\">\n<p data-start=\"1157\" data-end=\"1179\">recettes p\u00e2tissi\u00e8res<\/p>\n<\/li>\n<li data-start=\"1182\" data-end=\"1207\">\n<p data-start=\"1184\" data-end=\"1207\">yaourts, chia pudding<\/p>\n<\/li>\n<li data-start=\"1210\" data-end=\"1241\">\n<p data-start=\"1212\" data-end=\"1241\">mochis et desserts japonais<\/p>\n<\/li>\n<\/ul>\n<\/li>\n<\/ul>\n<h3 data-start=\"1248\" data-end=\"1275\"><strong data-start=\"1252\" data-end=\"1275\">Formats disponibles<\/strong><\/h3>\n<ul data-start=\"1276\" data-end=\"1420\">\n<li data-start=\"1276\" data-end=\"1350\">\n<p data-start=\"1278\" data-end=\"1350\"><strong data-start=\"1278\" data-end=\"1286\">50 g<\/strong> \u2013 id\u00e9al pour d\u00e9couvrir l\u2019ar\u00f4me et tester diff\u00e9rentes recettes<\/p>\n<\/li>\n<li data-start=\"1351\" data-end=\"1420\">\n<p data-start=\"1353\" data-end=\"1420\"><strong data-start=\"1353\" data-end=\"1362\">100 g<\/strong> \u2013 format \u00e9conomique pour les amateurs de matcha aromatis\u00e9<\/p>\n<\/li>\n<\/ul>\n<h3 data-start=\"1427\" data-end=\"1446\"><strong data-start=\"1431\" data-end=\"1446\">Ingr\u00e9dients<\/strong><\/h3>\n<p data-start=\"1447\" data-end=\"1480\">Ar\u00f4me naturel de mangue (poudre).<\/p>\n<h3 data-start=\"1487\" data-end=\"1507\"><strong data-start=\"1491\" data-end=\"1507\">Conservation<\/strong><\/h3>\n<p data-start=\"1508\" data-end=\"1661\">\u00c0 conserver dans un endroit sec, \u00e0 l\u2019abri de la lumi\u00e8re et de la chaleur.<br data-start=\"1581\" data-end=\"1584\" \/>Bien refermer le sachet apr\u00e8s chaque utilisation pour pr\u00e9server la fra\u00eecheur.<\/p>\n","protected":false},"excerpt":{"rendered":"<h2 data-path-to-node=\"1\">Sirop Mangue \u2013 MAISON MATCHA<\/h2>\n<p data-path-to-node=\"2\"><strong>Le sirop<\/strong><b> Mangue MAISON MATCHA<\/b> est la touche fruit\u00e9e et ensoleill\u00e9e qui sublime votre boisson. Cette poudre offre une <b>saveur douce et exotique<\/b>, parfaite pour transformer votre matcha en une <b>exp\u00e9rience tropicale<\/b> raffin\u00e9e. Id\u00e9al pour les lattes glac\u00e9s et les cr\u00e9ations culinaires.<\/p>\n","protected":false},"featured_media":106,"comment_status":"open","ping_status":"closed","template":"","meta":{"site-sidebar-layout":"default","site-content-layout":"","ast-site-content-layout":"default","site-content-style":"default","site-sidebar-style":"default","ast-global-header-display":"","ast-banner-title-visibility":"","ast-main-header-display":"","ast-hfb-above-header-display":"","ast-hfb-below-header-display":"","ast-hfb-mobile-header-display":"","site-post-title":"","ast-breadcrumbs-content":"","ast-featured-img":"","footer-sml-layout":"","ast-disable-related-posts":"","theme-transparent-header-meta":"default","adv-header-id-meta":"","stick-header-meta":"","header-above-stick-meta":"","header-main-stick-meta":"","header-below-stick-meta":"","astra-migrate-meta-layouts":"set","ast-page-background-enabled":"default","ast-page-background-meta":{"desktop":{"background-color":"var(--ast-global-color-5)","background-image":"","background-repeat":"repeat","background-position":"center center","background-size":"auto","background-attachment":"scroll","background-type":"","background-media":"","overlay-type":"","overlay-color":"","overlay-opacity":"","overlay-gradient":""},"tablet":{"background-color":"","background-image":"","background-repeat":"repeat","background-position":"center center","background-size":"auto","background-attachment":"scroll","background-type":"","background-media":"","overlay-type":"","overlay-color":"","overlay-opacity":"","overlay-gradient":""},"mobile":{"background-color":"","background-image":"","background-repeat":"repeat","background-position":"center center","background-size":"auto","background-attachment":"scroll","background-type":"","background-media":"","overlay-type":"","overlay-color":"","overlay-opacity":"","overlay-gradient":""}},"ast-content-background-meta":{"desktop":{"background-color":"var(--ast-global-color-4)","background-image":"","background-repeat":"repeat","background-position":"center center","background-size":"auto","background-attachment":"scroll","background-type":"","background-media":"","overlay-type":"","overlay-color":"","overlay-opacity":"","overlay-gradient":""},"tablet":{"background-color":"var(--ast-global-color-4)","background-image":"","background-repeat":"repeat","background-position":"center center","background-size":"auto","background-attachment":"scroll","background-type":"","background-media":"","overlay-type":"","overlay-color":"","overlay-opacity":"","overlay-gradient":""},"mobile":{"background-color":"var(--ast-global-color-4)","background-image":"","background-repeat":"repeat","background-position":"center center","background-size":"auto","background-attachment":"scroll","background-type":"","background-media":"","overlay-type":"","overlay-color":"","overlay-opacity":"","overlay-gradient":""}}},"product_brand":[55],"product_cat":[37],"product_tag":[25,27,24,26],"class_list":{"0":"post-79","1":"product","2":"type-product","3":"status-publish","4":"has-post-thumbnail","6":"product_brand-maison-matcha","7":"product_cat-sirop","8":"product_tag-mangue","9":"product_tag-matcha-mangue","10":"product_tag-sirop","11":"product_tag-sirop-de-mangue","12":"desktop-align-left","13":"tablet-align-left","14":"mobile-align-left","16":"first","17":"instock","18":"shipping-taxable","19":"purchasable","20":"product-type-simple"},"_links":{"self":[{"href":"https:\/\/pmarches.lpmiaw.univ-lr.fr\/wordpress3\/wp-json\/wp\/v2\/product\/79","targetHints":{"allow":["GET"]}}],"collection":[{"href":"https:\/\/pmarches.lpmiaw.univ-lr.fr\/wordpress3\/wp-json\/wp\/v2\/product"}],"about":[{"href":"https:\/\/pmarches.lpmiaw.univ-lr.fr\/wordpress3\/wp-json\/wp\/v2\/types\/product"}],"replies":[{"embeddable":true,"href":"https:\/\/pmarches.lpmiaw.univ-lr.fr\/wordpress3\/wp-json\/wp\/v2\/comments?post=79"}],"wp:featuredmedia":[{"embeddable":true,"href":"https:\/\/pmarches.lpmiaw.univ-lr.fr\/wordpress3\/wp-json\/wp\/v2\/media\/106"}],"wp:attachment":[{"href":"https:\/\/pmarches.lpmiaw.univ-lr.fr\/wordpress3\/wp-json\/wp\/v2\/media?parent=79"}],"wp:term":[{"taxonomy":"product_brand","embeddable":true,"href":"https:\/\/pmarches.lpmiaw.univ-lr.fr\/wordpress3\/wp-json\/wp\/v2\/product_brand?post=79"},{"taxonomy":"product_cat","embeddable":true,"href":"https:\/\/pmarches.lpmiaw.univ-lr.fr\/wordpress3\/wp-json\/wp\/v2\/product_cat?post=79"},{"taxonomy":"product_tag","embeddable":true,"href":"https:\/\/pmarches.lpmiaw.univ-lr.fr\/wordpress3\/wp-json\/wp\/v2\/product_tag?post=79"}],"curies":[{"name":"wp","href":"https:\/\/api.w.org\/{rel}","templated":true}]}}